 remainder when 166 is divided by 13.
10
Calculate the remainder when 134 is divided by 131.
3
Calculate the remainder when 112 is divided by 30.
22
Calculate the remainder when 538 is divided by 36.
34
Calculate the remainder when 4954 is divided by 29.
24
What is the remainder when 2459 is divided by 204?
11
What is the remainder when 429 is divided by 27?
24
Calculate the remainder when 203 is divided by 12.
11
What is the remainder when 43 is divided by 21?
1
Calculate the remainder when 15397 is divided by 35.
32
What is the remainder when 198 is divided by 54?
36
Calculate the remainder when 939 is divided by 80.
59
What is the remainder when 3606 is divided by 11?
9
Calculate the remainder when 268 is divided by 68.
64
Calculate the remainder when 245 is divided by 82.
81
Calculate the remainder when 2381 is divided by 265.
261
Calculate the remainder when 42 is divided by 18.
6
What is the remainder when 195 is divided by 87?
21
What is the remainder when 1085 is divided by 109?
104
What is the remainder when 42 is divided by 15?
12
What is the remainder when 2081 is divided by 53?
14
Calculate the remainder when 76 is divided by 50.
26
What is the remainder when 4567 is divided by 20?
7
Calculate the remainder when 418 is divided by 28.
26
What is the remainder when 438 is divided by 11?
9
What is the remainder when 61 is divided by 24?
13
What is the remainder when 131 is divided by 1?
0
Calculate the remainder when 54 is divided by 22.
10
Calculate the remainder when 12506 is divided by 59.
57
Calculate the remainder when 284 is divided by 34.
12
What is the remainder when 374 is divided by 88?
22
Calculate the remainder when 1118 is divided by 59.
56
Calculate the remainder when 1147 is divided by 115.
112
Calculate the remainder when 8040 is divided by 251.
8
Calculate the remainder when 553 is divided by 84.
49
Calculate the remainder when 147 is divided by 49.
0
What is the remainder when 100 is divided by 27?
19
What is the remainder when 701 is divided by 146?
117
Calculate the remainder when 501 is divided by 36.
33
Calculate the remainder when 222 is divided by 90.
42
What is the remainder when 942 is divided by 105?
102
Calculate the remainder when 201 is divided by 21.
12
What is the remainder when 133 is divided by 41?
10
What is the remainder when 285 is divided by 76?
57
Calculate the remainder when 61 is divided by 40.
21
What is the remainder when 661 is divided by 8?
5
Calculate the remainder when 72 is divided by 53.
19
Calculate the remainder when 1454 is divided by 146.
140
What is the remainder when 429 is divided by 150?
129
What is the remainder when 4 is divided by 3?
1
What is the remainder when 26 is divided by 23?
3
What is the remainder when 270 is divided by 68?
66
What is the remainder when 1966 is divided by 73?
68
Calculate the remainder when 67 is divided by 8.
3
Calculate the remainder when 375 is divided by 63.
60
Calculate the remainder when 295 is divided by 33.
31
Calculate the remainder when 546 is divided by 69.
63
Calculate the remainder when 205 is divided by 13.
10
What is the remainder when 345 is divided by 44?
37
Calculate the remainder when 1415 is divided by 13.
11
What is the remainder when 564 is divided by 108?
24
Calculate the remainder when 2265 is divided by 9.
6
What is the remainder when 54 is divided by 40?
14
Calculate the remainder when 68 is divided by 11.
2
What is the remainder when 445 is divided by 3?
1
Calculate the remainder when 88 is divided by 38.
12
Calculate the remainder when 211 is divided by 108.
103
Calculate the remainder when 1445 is divided by 42.
17
What is the remainder when 166 is divided by 37?
18
What is the remainder when 77 is divided by 26?
25
Calculate the remainder when 157 is divided by 81.
76
What is the remainder when 867 is divided by 836?
31
What is the remainder when 75 is divided by 26?
23
Calculate the remainder when 280 is divided by 47.
45
What is the remainder when 264 is divided by 35?
19
What is the remainder when 77 is divided by 12?
5
Calculate the remainder when 686 is divided by 94.
28
What is the remainder when 248 is divided by 27?
5
Calculate the remainder when 3974 is divided by 75.
74
What is the remainder when 25 is divided by 8?
1
Calculate the remainder when 174 is divided by 64.
46
What is the remainder when 71 is divided by 28?
15
Calculate the remainder when 1086 is divided by 196.
106
Calculate the remainder when 1294 is divided by 48.
46
What is the remainder when 196 is divided by 61?
13
What is the remainder when 58 is divided by 41?
17
Calculate the remainder when 79 is divided by 43.
36
Calculate the remainder when 7373 is divided by 14.
9
What is the remainder when 222 is divided by 82?
58
What is the remainder when 4481 is divided by 118?
115
Calculate the remainder when 204 is divided by 19.
14
What is the remainder when 1045 is divided by 504?
37
Calculate the remainder when 17032 is divided by 17.
15
What is the remainder when 18518 is divided by 63?
59
What is the remainder when 490 is divided by 173?
144
What is the remainder when 4223 is divided by 844?
3
What is the remainder when 272 is divided by 105?
62
Calculate the remainder when 2283 is divided by 1137.
9
What is the remainder when 326 is divided by 84?
74
What is the remainder when 565 is divided by 21?
19
What is the remainder when 447 is divided by 14?
13
What is the remainder when 34 is divided by 33?
1
Calculate the remainder when 34 is divided by 4.
2
What is the remainder when 200 is divided by 94?
12
Calculate the remainder when 124 is divided by 43.
38
What is the remainder when 2093 is divided by 102?
53
Calculate the remainder when 340 is divided by 49.
46
What is the remainder when 442 is divided by 91?
78
What is the remainder when 75 is divided by 47?
28
What is the remainder when 457 is divided by 51?
49
What is the remainder when 2059 is divided by 68?
19
What is the remainder when 73 is divided by 39?
34
What is the remainder when 617 is divided by 20?
17
Calculate the remainder when 8 is divided by 4.
0
Calculate the remainder when 311 is divided by 78.
77
Calculate the remainder when 2300 is divided by 1140.
20
Calculate the remainder when 251 is divided by 12.
11
Calculate the remainder when 279 is divided by 137.
5
Calculate the remainder when 152 is divided by 6.
2
Calculate the remainder when 379 is divided by 184.
11
Calculate the remainder when 1502 is divided by 298.
12
Calculate the remainder when 747 is divided by 129.
102
What is the remainder when 54 is divided by 6?
0
What is the remainder when 84 is divided by 15?
9
Calculate the remainder when 6 is divided by 2.
0
Calculate the remainder when 556 is divided by 94.
86
Calculate the remainder when 18874 is divided by 33.
31
What is the remainder when 470 is divided by 137?
59
Calculate the remainder when 2969 is divided by 67.
21
What is the remainder when 250 is divided by 89?
72
Calculate the remainder when 588 is divided by 157.
117
Calculate the remainder when 1132 is divided by 281.
8
Calculate the remainder when 844 is divided by 9.
7
What is the remainder when 3264 is divided by 109?
103
What is the remainder when 206 is divided by 37?
21
Calculate the remainder when 124 is divided by 6.
4
What is the remainder when 94 is divided by 36?
22
What is the remainder when 507 is divided by 74?
63
Calculate the remainder when 3996 is divided by 26.
18
What is the remainder when 3666 is divided by 915?
6
What is the remainder when 134 is divided by 60?
14
What is the remainder when 619 is divided by 105?
94
What is the remainder when 485 is divided by 122?
119
What is the remainder when 693 is divided by 14?
7
What is the remainder when 270 is divided by 201?
69
What is the remainder when 1130 is divided by 162?
158
Calculate the remainder when 5142 is divided by 21.
18
Calculate the remainder when 51 is divided by 13.
12
What is the remainder when 4695 is divided by 18?
15
Calculate the remainder when 6046 is divided by 7.
5
What is the remainder when 273 is divided by 46?
43
Calculate the remainder when 1659 is divided by 45.
39
What is the remainder when 176 is divided by 90?
86
What is the remainder when 1581 is divided by 66?
63
Calculate the remainder when 22